{"id":16440,"date":"2025-04-24T10:39:47","date_gmt":"2025-04-24T15:39:47","guid":{"rendered":"https:\/\/www.colombiahumana.co\/portal\/?page_id=16440"},"modified":"2025-04-24T11:06:58","modified_gmt":"2025-04-24T16:06:58","slug":"encuesta-cmj-primer-seminario-presencial","status":"publish","type":"page","link":"https:\/\/www.colombiahumana.co\/portal\/encuesta-cmj-primer-seminario-presencial\/","title":{"rendered":"Encuesta CMJ Primer Seminario Presencial"},"content":{"rendered":"<div class=\"frm_forms  with_frm_style frm_style_estilo-de-formidable\" id=\"frm_form_49_container\" data-token=\"f4d26e9788af9af2bacea57492fb0f53\">\n<form enctype=\"multipart\/form-data\" method=\"post\" class=\"frm-show-form  frm_js_validate  frm_ajax_submit  frm_pro_form \" id=\"form_encuesta-cmj-seminario-presencial-1\" data-token=\"f4d26e9788af9af2bacea57492fb0f53\">\n<div class=\"frm_form_fields \">\n<fieldset>\n<legend class=\"frm_screen_reader\">Encuesta CMJ Seminario Presencial 1<\/legend>\r\n\r\n<div class=\"frm_fields_container\">\n<input type=\"hidden\" name=\"frm_action\" value=\"create\" \/>\n<input type=\"hidden\" name=\"form_id\" value=\"49\" \/>\n<input type=\"hidden\" name=\"frm_hide_fields_49\" id=\"frm_hide_fields_49\" value=\"\" \/>\n<input type=\"hidden\" name=\"form_key\" value=\"encuesta-cmj-seminario-presencial-1\" \/>\n<input type=\"hidden\" name=\"item_meta[0]\" value=\"\" \/>\n<input type=\"hidden\" id=\"frm_submit_entry_49\" name=\"frm_submit_entry_49\" value=\"85a4316086\" \/><input type=\"hidden\" name=\"_wp_http_referer\" value=\"\/portal\/wp-json\/wp\/v2\/pages\/16440\" \/><div id=\"frm_field_600_container\" class=\"frm_form_field form-field  frm_required_field frm_top_container vertical_radio frm_display_format_buttons frm_text_align_left\">\r\n\t<div  id=\"field_inwbn_label\" class=\"frm_primary_label\">\u00bfQu\u00e9 fecha preferir\u00edas para la realizaci\u00f3n de este seminario presencial?\r\n\t\t<span class=\"frm_required\" aria-hidden=\"true\">*<\/span>\r\n\t<\/div>\r\n\t<div class=\"frm_opt_container\" aria-labelledby=\"field_inwbn_label\" role=\"radiogroup\" aria-required=\"true\">\t\t<div class=\"frm_radio\" id=\"frm_radio_600-0\">\t\t\t<label  for=\"field_inwbn-0\">\n\t\t\t\t\t<input type=\"radio\" name=\"item_meta[600]\" id=\"field_inwbn-0\" value=\"S\u00e1bado 3 de mayo \u2014 9am\"\n\t\t   data-reqmsg=\"\u00bfQu\u00e9 fecha preferir\u00edas para la realizaci\u00f3n de este seminario presencial? no puede ir en blanco.\" data-invmsg=\"\u00bfQu\u00e9 fecha preferir\u00edas para la realizaci\u00f3n de este seminario presencial? no es v\u00e1lido\" aria-invalid=\"false\"  \/> <div class=\"frm_label_button_container\">S\u00e1bado 3 de mayo \u2014 9am<\/div><\/label><\/div>\n\t\t<div class=\"frm_radio\" id=\"frm_radio_600-1\">\t\t\t<label  for=\"field_inwbn-1\">\n\t\t\t\t\t<input type=\"radio\" name=\"item_meta[600]\" id=\"field_inwbn-1\" value=\"Domingo 4 de mayo \u2014 9am\"\n\t\t   data-reqmsg=\"\u00bfQu\u00e9 fecha preferir\u00edas para la realizaci\u00f3n de este seminario presencial? no puede ir en blanco.\" data-invmsg=\"\u00bfQu\u00e9 fecha preferir\u00edas para la realizaci\u00f3n de este seminario presencial? no es v\u00e1lido\" aria-invalid=\"false\"  \/> <div class=\"frm_label_button_container\">Domingo 4 de mayo \u2014 9am<\/div><\/label><\/div>\n\t\t<div class=\"frm_radio\" id=\"frm_radio_600-2\">\t\t\t<label  for=\"field_inwbn-2\">\n\t\t\t\t\t<input type=\"radio\" name=\"item_meta[600]\" id=\"field_inwbn-2\" value=\"Lunes 5 de mayo \u2014 7pm\"\n\t\t   data-reqmsg=\"\u00bfQu\u00e9 fecha preferir\u00edas para la realizaci\u00f3n de este seminario presencial? no puede ir en blanco.\" data-invmsg=\"\u00bfQu\u00e9 fecha preferir\u00edas para la realizaci\u00f3n de este seminario presencial? no es v\u00e1lido\" aria-invalid=\"false\"  \/> <div class=\"frm_label_button_container\">Lunes 5 de mayo \u2014 7pm<\/div><\/label><\/div>\n<\/div>\r\n\t\r\n\t\r\n<\/div>\n<div id=\"frm_field_599_container\" class=\"frm_form_field form-field \">\r\n\t<div class=\"frm_submit frm_flex\">\r\n<button class=\"frm_button_submit frm_final_submit\" type=\"submit\"  >Enviar<\/button>\r\n\r\n\r\n\r\n<\/div>\r\n<\/div>\n\t<input type=\"hidden\" name=\"item_key\" value=\"\" \/>\n\t\t\t<div id=\"frm_field_874_container\">\n\t\t\t<label for=\"field_a31og\" >\n\t\t\t\tSi eres humano, deja este campo en blanco.\t\t\t<\/label>\n\t\t\t<input  id=\"field_a31og\" type=\"text\" class=\"frm_form_field form-field frm_verify\" name=\"item_meta[874]\" value=\"\"  \/>\n\t\t<\/div>\n\t\t<input name=\"frm_state\" type=\"hidden\" value=\"aZfkcgnFVWSESDYssPomps3r6HBQlXp3PJuuP0\/49ptArA49XjuptcjVjdrVkB\/3\" \/><\/div>\n<\/fieldset>\n<\/div>\n\n<\/form>\n<\/div>\n\n\n\n\n<p>Resultados de la encuesta:<\/p>\n\n\n<div id=\"chart__frm_column1\" style=\"height:400;width:400\"><\/div>\n","protected":false},"excerpt":{"rendered":"<p>Resultados de la encuesta:<\/p>\n","protected":false},"author":1,"featured_media":0,"parent":0,"menu_order":0,"comment_status":"closed","ping_status":"closed","template":"","meta":{"footnotes":""},"class_list":["post-16440","page","type-page","status-publish","hentry"],"_links":{"self":[{"href":"https:\/\/www.colombiahumana.co\/portal\/wp-json\/wp\/v2\/pages\/16440","targetHints":{"allow":["GET"]}}],"collection":[{"href":"https:\/\/www.colombiahumana.co\/portal\/wp-json\/wp\/v2\/pages"}],"about":[{"href":"https:\/\/www.colombiahumana.co\/portal\/wp-json\/wp\/v2\/types\/page"}],"author":[{"embeddable":true,"href":"https:\/\/www.colombiahumana.co\/portal\/wp-json\/wp\/v2\/users\/1"}],"replies":[{"embeddable":true,"href":"https:\/\/www.colombiahumana.co\/portal\/wp-json\/wp\/v2\/comments?post=16440"}],"version-history":[{"count":4,"href":"https:\/\/www.colombiahumana.co\/portal\/wp-json\/wp\/v2\/pages\/16440\/revisions"}],"predecessor-version":[{"id":16457,"href":"https:\/\/www.colombiahumana.co\/portal\/wp-json\/wp\/v2\/pages\/16440\/revisions\/16457"}],"wp:attachment":[{"href":"https:\/\/www.colombiahumana.co\/portal\/wp-json\/wp\/v2\/media?parent=16440"}],"curies":[{"name":"wp","href":"https:\/\/api.w.org\/{rel}","templated":true}]}}